{"id":2,"date":"2023-02-12T10:52:02","date_gmt":"2023-02-12T10:52:02","guid":{"rendered":"https:\/\/sokolovi.rs\/?page_id=2"},"modified":"2024-02-26T18:43:55","modified_gmt":"2024-02-26T18:43:55","slug":"sample-page","status":"publish","type":"page","link":"https:\/\/sokolovi.rs\/","title":{"rendered":""},"content":{"rendered":"\n<div class=\"wp-block-media-text alignwide is-stacked-on-mobile\"><figure class=\"wp-block-media-text__media\"><img loading=\"lazy\" decoding=\"async\" width=\"720\" height=\"1021\" src=\"https:\/\/sokolovi.rs\/wp-content\/uploads\/2024\/02\/koncert-7mart.jpg\" alt=\"\" class=\"wp-image-145 size-full\" srcset=\"https:\/\/sokolovi.rs\/wp-content\/uploads\/2024\/02\/koncert-7mart.jpg 720w, https:\/\/sokolovi.rs\/wp-content\/uploads\/2024\/02\/koncert-7mart-212x300.jpg 212w\" sizes=\"auto, (max-width: 720px) 100vw, 720px\" \/><\/figure><div class=\"wp-block-media-text__content\">\n<p><\/p>\n<\/div><\/div>\n\n\n\n<p><img decoding=\"async\" src=\"https:\/\/fonts.gstatic.com\/s\/e\/notoemoji\/15.0\/2b50\/32.png\" alt=\"\u2b50\">\ufe0f<strong>Milan Vasi\u0107<\/strong><img decoding=\"async\" src=\"https:\/\/fonts.gstatic.com\/s\/e\/notoemoji\/15.0\/2b50\/32.png\" alt=\"\u2b50\">\ufe0f<strong>Sanja Vu\u010di\u0107<img decoding=\"async\" src=\"https:\/\/fonts.gstatic.com\/s\/e\/notoemoji\/15.0\/2b50\/32.png\" alt=\"\u2b50\"><\/strong>\ufe0f<\/p>\n\n\n\n<p><img decoding=\"async\" src=\"https:\/\/fonts.gstatic.com\/s\/e\/notoemoji\/15.0\/2b50\/32.png\" alt=\"\u2b50\">\ufe0f<strong>Radica Dimitrijevi\u0107<\/strong><img decoding=\"async\" src=\"https:\/\/fonts.gstatic.com\/s\/e\/notoemoji\/15.0\/2b50\/32.png\" alt=\"\u2b50\"><\/p>\n\n\n\n<p><img decoding=\"async\" src=\"https:\/\/fonts.gstatic.com\/s\/e\/notoemoji\/15.0\/2b50\/32.png\" alt=\"\u2b50\">\ufe0f\ud835\udc12\ud835\udc2d\ud835\udc2b\ud835\udc1a\ud835\udc21\ud835\udc22\ud835\udc27\ud835\udc23\ud835\udc1a \ud835\udc19\ud835\udc22\ud835\udc2f\ud835\udc1a\ud835\udc27\ud835\udc28\ud835\udc2f\ud835\udc22\ud835\udc1c<img decoding=\"async\" src=\"https:\/\/fonts.gstatic.com\/s\/e\/notoemoji\/15.0\/2b50\/32.png\" alt=\"\u2b50\">\ufe0f<strong>Aleksandar Ivanov<\/strong><img decoding=\"async\" src=\"https:\/\/fonts.gstatic.com\/s\/e\/notoemoji\/15.0\/2b50\/32.png\" alt=\"\u2b50\">\ufe0f<\/p>\n\n\n\n<p><img decoding=\"async\" alt=\"\u2b50\" src=\"https:\/\/fonts.gstatic.com\/s\/e\/notoemoji\/15.0\/2b50\/32.png\">\ufe0f\ud835\udc19\ud835\udc1d\ud835\udc2b\ud835\udc1a\ud835\udc2f\ud835\udc24\ud835\udc28 \ud835\udc00\ud835\udc27\ud835\udc1d\ud835\udc23\ud835\udc1e\ud835\udc25\ud835\udc24\ud835\udc28\ud835\udc2f\ud835\udc22\ud835\udc1c<img decoding=\"async\" alt=\"\u2b50\" src=\"https:\/\/fonts.gstatic.com\/s\/e\/notoemoji\/15.0\/2b50\/32.png\">\ufe0f\ud835\udc05\ud835\udc22\ud835\udc25\ud835\udc22\ud835\udc29 \ud835\udc0a\ud835\udc22\ud835\udc1c\ud835\udc1a\ud835\udc27\ud835\udc28\ud835\udc2f\ud835\udc22\ud835\udc1c<img decoding=\"async\" alt=\"\u2b50\" src=\"https:\/\/fonts.gstatic.com\/s\/e\/notoemoji\/15.0\/2b50\/32.png\">\ufe0f<\/p>\n\n\n\n<p><img decoding=\"async\" src=\"https:\/\/fonts.gstatic.com\/s\/e\/notoemoji\/15.0\/2b50\/32.png\" alt=\"\u2b50\">\ufe0f\ud835\udc0d\ud835\udc1e\ud835\udc26\ud835\udc1a\ud835\udc27\ud835\udc23\ud835\udc1a \ud835\udc11\ud835\udc1a\ud835\udc1d\ud835\udc22\ud835\udc2c\ud835\udc1a\ud835\udc2f\ud835\udc25\ud835\udc23\ud835\udc1e\ud835\udc2f\ud835\udc22\ud835\udc1c<img decoding=\"async\" src=\"https:\/\/fonts.gstatic.com\/s\/e\/notoemoji\/15.0\/2b50\/32.png\" alt=\"\u2b50\"><strong>\ufe0fJovan Kne\u017eevi\u0107<\/strong><img decoding=\"async\" src=\"https:\/\/fonts.gstatic.com\/s\/e\/notoemoji\/15.0\/2b50\/32.png\" alt=\"\u2b50\">\ufe0f<\/p>\n\n\n\n<p><img decoding=\"async\" src=\"https:\/\/fonts.gstatic.com\/s\/e\/notoemoji\/15.0\/2b50\/32.png\" alt=\"\u2b50\">\ufe0f<strong>Ognjen Ruti\u0107<\/strong><img decoding=\"async\" src=\"https:\/\/fonts.gstatic.com\/s\/e\/notoemoji\/15.0\/2b50\/32.png\" alt=\"\u2b50\">\ufe0f<strong>Milan Mileti\u0107<\/strong><img decoding=\"async\" src=\"https:\/\/fonts.gstatic.com\/s\/e\/notoemoji\/15.0\/2b50\/32.png\" alt=\"\u2b50\">\ufe0f<\/p>\n\n\n\n<p><img decoding=\"async\" src=\"https:\/\/fonts.gstatic.com\/s\/e\/notoemoji\/15.0\/2b50\/32.png\" alt=\"\u2b50\">\ufe0f<strong>Bojan Vukosavljevi\u0107<\/strong><img decoding=\"async\" src=\"https:\/\/fonts.gstatic.com\/s\/e\/notoemoji\/15.0\/2b50\/32.png\" alt=\"\u2b50\">\ufe0f<\/p>\n\n\n\n<p><img decoding=\"async\" src=\"https:\/\/fonts.gstatic.com\/s\/e\/notoemoji\/15.0\/1f60d\/32.png\" alt=\"\ud83d\ude0d\">Kru\u0161evac, Hala Sportova, 07 Mart 2024\u00a0<img decoding=\"async\" src=\"https:\/\/fonts.gstatic.com\/s\/e\/notoemoji\/15.0\/1f60d\/32.png\" alt=\"\ud83d\ude0d\"><\/p>\n\n\n\n<p>#Krusevac #HumanitarniKoncert\u00a0\u00a0<img decoding=\"async\" src=\"https:\/\/fonts.gstatic.com\/s\/e\/notoemoji\/15.0\/1f378\/32.png\" alt=\"\ud83c\udf78\"><img decoding=\"async\" src=\"https:\/\/fonts.gstatic.com\/s\/e\/notoemoji\/15.0\/1f942\/32.png\" alt=\"\ud83e\udd42\"><\/p>\n\n\n\n<p>#BudiHuman #SokolskoDrustvo<\/p>\n\n\n\n<p>\u2584\u2584\u2584\u2584\u2584\u2584\u2584\u2584\u2584\u2584\u2584\u2584\u2584\u2584\u2584\u2584\u2584\u2584\u2584\u2584\u2584\u2584\u2584\u2584<\/p>\n\n\n\n<p><img decoding=\"async\" src=\"https:\/\/fonts.gstatic.com\/s\/e\/notoemoji\/15.0\/1f4c5\/32.png\" alt=\"\ud83d\udcc5\">\u00a0Datum: \u010cetvrtak 07 Mart 2024<\/p>\n\n\n\n<p><img decoding=\"async\" alt=\"\ud83d\udd57\" src=\"https:\/\/fonts.gstatic.com\/s\/e\/notoemoji\/15.0\/1f557\/32.png\">Po\u010detak 20:00<\/p>\n\n\n\n<p><img decoding=\"async\" alt=\"\ud83d\udccc\" src=\"https:\/\/fonts.gstatic.com\/s\/e\/notoemoji\/15.0\/1f4cc\/32.png\">&nbsp;GRAD: Kru\u0161evac (Hala Sportova)<\/p>\n\n\n\n<p><img decoding=\"async\" src=\"https:\/\/fonts.gstatic.com\/s\/e\/notoemoji\/15.0\/27a1_fe0f\/32.png\" alt=\"\u27a1\ufe0f\">\u00a0Karte: Predprodaja 900 RSD<\/p>\n\n\n\n<p><img decoding=\"async\" alt=\"\ud83d\udccd\" src=\"https:\/\/fonts.gstatic.com\/s\/e\/notoemoji\/15.0\/1f4cd\/32.png\">&nbsp;ADRESA: Hala Sportova, 37000 Kru\u0161evac<\/p>\n\n\n\n<p>\u2584\u2584\u2584\u2584\u2584\u2584\u2584\u2584\u2584\u2584\u2584\u2584\u2584\u2584\u2584\u2584\u2584\u2584\u2584\u2584\u2584\u2584\u2584\u2584<\/p>\n\n\n\n<p><\/p>\n\n\n\n<p><\/p>\n\n\n\n<div class=\"wp-block-media-text alignwide is-stacked-on-mobile\"><figure class=\"wp-block-media-text__media\"><img loading=\"lazy\" decoding=\"async\" width=\"768\" height=\"1024\" src=\"https:\/\/sokolovi.rs\/wp-content\/uploads\/2023\/03\/IMG-110e99f0f46784540e352088166b37cf-V-1-768x1024.jpg\" alt=\"\" class=\"wp-image-118 size-full\" srcset=\"https:\/\/sokolovi.rs\/wp-content\/uploads\/2023\/03\/IMG-110e99f0f46784540e352088166b37cf-V-1-768x1024.jpg 768w, https:\/\/sokolovi.rs\/wp-content\/uploads\/2023\/03\/IMG-110e99f0f46784540e352088166b37cf-V-1-225x300.jpg 225w, https:\/\/sokolovi.rs\/wp-content\/uploads\/2023\/03\/IMG-110e99f0f46784540e352088166b37cf-V-1-1152x1536.jpg 1152w, https:\/\/sokolovi.rs\/wp-content\/uploads\/2023\/03\/IMG-110e99f0f46784540e352088166b37cf-V-1.jpg 1200w\" sizes=\"auto, (max-width: 768px) 100vw, 768px\" \/><\/figure><div class=\"wp-block-media-text__content\">\n<p><\/p>\n<\/div><\/div>\n\n\n\n<figure class=\"wp-block-gallery has-nested-images columns-default is-cropped wp-block-gallery-1 is-layout-flex wp-block-gallery-is-layout-flex\">\n<figure class=\"wp-block-image size-large\"><img loading=\"lazy\" decoding=\"async\" width=\"768\" height=\"1024\" data-id=\"122\" src=\"https:\/\/sokolovi.rs\/wp-content\/uploads\/2023\/03\/IMG1-1-768x1024.jpg\" alt=\"\" class=\"wp-image-122\" srcset=\"https:\/\/sokolovi.rs\/wp-content\/uploads\/2023\/03\/IMG1-1-768x1024.jpg 768w, https:\/\/sokolovi.rs\/wp-content\/uploads\/2023\/03\/IMG1-1-225x300.jpg 225w, https:\/\/sokolovi.rs\/wp-content\/uploads\/2023\/03\/IMG1-1-1152x1536.jpg 1152w, https:\/\/sokolovi.rs\/wp-content\/uploads\/2023\/03\/IMG1-1.jpg 1200w\" sizes=\"auto, (max-width: 768px) 100vw, 768px\" \/><\/figure>\n\n\n\n<figure class=\"wp-block-image size-large\"><img loading=\"lazy\" decoding=\"async\" width=\"768\" height=\"1024\" data-id=\"123\" src=\"https:\/\/sokolovi.rs\/wp-content\/uploads\/2023\/03\/IMG2-768x1024.jpg\" alt=\"\" class=\"wp-image-123\" srcset=\"https:\/\/sokolovi.rs\/wp-content\/uploads\/2023\/03\/IMG2-768x1024.jpg 768w, https:\/\/sokolovi.rs\/wp-content\/uploads\/2023\/03\/IMG2-225x300.jpg 225w, https:\/\/sokolovi.rs\/wp-content\/uploads\/2023\/03\/IMG2-1152x1536.jpg 1152w, https:\/\/sokolovi.rs\/wp-content\/uploads\/2023\/03\/IMG2.jpg 1200w\" sizes=\"auto, (max-width: 768px) 100vw, 768px\" \/><\/figure>\n\n\n\n<figure class=\"wp-block-image size-large\"><img loading=\"lazy\" decoding=\"async\" width=\"1024\" height=\"577\" data-id=\"124\" src=\"https:\/\/sokolovi.rs\/wp-content\/uploads\/2023\/03\/IMG3-1024x577.jpg\" alt=\"\" class=\"wp-image-124\" srcset=\"https:\/\/sokolovi.rs\/wp-content\/uploads\/2023\/03\/IMG3-1024x577.jpg 1024w, https:\/\/sokolovi.rs\/wp-content\/uploads\/2023\/03\/IMG3-300x169.jpg 300w, https:\/\/sokolovi.rs\/wp-content\/uploads\/2023\/03\/IMG3-768x432.jpg 768w, https:\/\/sokolovi.rs\/wp-content\/uploads\/2023\/03\/IMG3-1536x865.jpg 1536w, https:\/\/sokolovi.rs\/wp-content\/uploads\/2023\/03\/IMG3.jpg 1600w\" sizes=\"auto, (max-width: 1024px) 100vw, 1024px\" \/><\/figure>\n\n\n\n<figure class=\"wp-block-image size-large\"><img loading=\"lazy\" decoding=\"async\" width=\"1024\" height=\"759\" data-id=\"125\" src=\"https:\/\/sokolovi.rs\/wp-content\/uploads\/2023\/03\/IMG4-1024x759.jpg\" alt=\"\" class=\"wp-image-125\" srcset=\"https:\/\/sokolovi.rs\/wp-content\/uploads\/2023\/03\/IMG4-1024x759.jpg 1024w, https:\/\/sokolovi.rs\/wp-content\/uploads\/2023\/03\/IMG4-300x222.jpg 300w, https:\/\/sokolovi.rs\/wp-content\/uploads\/2023\/03\/IMG4-768x569.jpg 768w, https:\/\/sokolovi.rs\/wp-content\/uploads\/2023\/03\/IMG4-1536x1139.jpg 1536w, https:\/\/sokolovi.rs\/wp-content\/uploads\/2023\/03\/IMG4.jpg 1600w\" sizes=\"auto, (max-width: 1024px) 100vw, 1024px\" \/><\/figure>\n\n\n\n<figure class=\"wp-block-image size-large\"><img loading=\"lazy\" decoding=\"async\" width=\"768\" height=\"1024\" data-id=\"128\" src=\"https:\/\/sokolovi.rs\/wp-content\/uploads\/2023\/03\/IMG1-2-768x1024.jpg\" alt=\"\" class=\"wp-image-128\" srcset=\"https:\/\/sokolovi.rs\/wp-content\/uploads\/2023\/03\/IMG1-2-768x1024.jpg 768w, https:\/\/sokolovi.rs\/wp-content\/uploads\/2023\/03\/IMG1-2-225x300.jpg 225w, https:\/\/sokolovi.rs\/wp-content\/uploads\/2023\/03\/IMG1-2-1152x1536.jpg 1152w, https:\/\/sokolovi.rs\/wp-content\/uploads\/2023\/03\/IMG1-2.jpg 1200w\" sizes=\"auto, (max-width: 768px) 100vw, 768px\" \/><\/figure>\n\n\n\n<figure class=\"wp-block-image size-large\"><img loading=\"lazy\" decoding=\"async\" width=\"473\" height=\"1024\" data-id=\"129\" src=\"https:\/\/sokolovi.rs\/wp-content\/uploads\/2023\/03\/IMG2-1-473x1024.jpg\" alt=\"\" class=\"wp-image-129\" srcset=\"https:\/\/sokolovi.rs\/wp-content\/uploads\/2023\/03\/IMG2-1-473x1024.jpg 473w, https:\/\/sokolovi.rs\/wp-content\/uploads\/2023\/03\/IMG2-1-139x300.jpg 139w, https:\/\/sokolovi.rs\/wp-content\/uploads\/2023\/03\/IMG2-1-709x1536.jpg 709w, https:\/\/sokolovi.rs\/wp-content\/uploads\/2023\/03\/IMG2-1.jpg 739w\" sizes=\"auto, (max-width: 473px) 100vw, 473px\" \/><\/figure>\n\n\n\n<figure class=\"wp-block-image size-large\"><img loading=\"lazy\" decoding=\"async\" width=\"1024\" height=\"577\" data-id=\"130\" src=\"https:\/\/sokolovi.rs\/wp-content\/uploads\/2023\/03\/IMG3-1-1024x577.jpg\" alt=\"\" class=\"wp-image-130\" srcset=\"https:\/\/sokolovi.rs\/wp-content\/uploads\/2023\/03\/IMG3-1-1024x577.jpg 1024w, https:\/\/sokolovi.rs\/wp-content\/uploads\/2023\/03\/IMG3-1-300x169.jpg 300w, https:\/\/sokolovi.rs\/wp-content\/uploads\/2023\/03\/IMG3-1-768x432.jpg 768w, https:\/\/sokolovi.rs\/wp-content\/uploads\/2023\/03\/IMG3-1-1536x865.jpg 1536w, https:\/\/sokolovi.rs\/wp-content\/uploads\/2023\/03\/IMG3-1.jpg 1600w\" sizes=\"auto, (max-width: 1024px) 100vw, 1024px\" \/><\/figure>\n\n\n\n<figure class=\"wp-block-image size-large\"><img loading=\"lazy\" decoding=\"async\" width=\"768\" height=\"1024\" data-id=\"131\" src=\"https:\/\/sokolovi.rs\/wp-content\/uploads\/2023\/03\/IMG4-1-768x1024.jpg\" alt=\"\" class=\"wp-image-131\" srcset=\"https:\/\/sokolovi.rs\/wp-content\/uploads\/2023\/03\/IMG4-1-768x1024.jpg 768w, https:\/\/sokolovi.rs\/wp-content\/uploads\/2023\/03\/IMG4-1-225x300.jpg 225w, https:\/\/sokolovi.rs\/wp-content\/uploads\/2023\/03\/IMG4-1-1152x1536.jpg 1152w, https:\/\/sokolovi.rs\/wp-content\/uploads\/2023\/03\/IMG4-1.jpg 1200w\" sizes=\"auto, (max-width: 768px) 100vw, 768px\" \/><\/figure>\n<\/figure>\n\n\n\n<div class=\"wp-block-media-text alignwide is-stacked-on-mobile\"><figure class=\"wp-block-media-text__media\"><img loading=\"lazy\" decoding=\"async\" width=\"1024\" height=\"768\" src=\"https:\/\/sokolovi.rs\/wp-content\/uploads\/2023\/02\/1676320245406-1024x768.jpg\" alt=\"\" class=\"wp-image-85 size-full\" srcset=\"https:\/\/sokolovi.rs\/wp-content\/uploads\/2023\/02\/1676320245406-1024x768.jpg 1024w, https:\/\/sokolovi.rs\/wp-content\/uploads\/2023\/02\/1676320245406-300x225.jpg 300w, https:\/\/sokolovi.rs\/wp-content\/uploads\/2023\/02\/1676320245406-768x576.jpg 768w, https:\/\/sokolovi.rs\/wp-content\/uploads\/2023\/02\/1676320245406-1536x1152.jpg 1536w, https:\/\/sokolovi.rs\/wp-content\/uploads\/2023\/02\/1676320245406.jpg 1600w\" sizes=\"auto, (max-width: 1024px) 100vw, 1024px\" \/><\/figure><div class=\"wp-block-media-text__content\">\n<p><\/p>\n<\/div><\/div>\n\n\n\n<div class=\"wp-block-media-text alignwide is-stacked-on-mobile\"><figure class=\"wp-block-media-text__media\"><img loading=\"lazy\" decoding=\"async\" width=\"1024\" height=\"768\" src=\"https:\/\/sokolovi.rs\/wp-content\/uploads\/2023\/02\/1676320672471-1024x768.jpg\" alt=\"\" class=\"wp-image-84 size-full\" srcset=\"https:\/\/sokolovi.rs\/wp-content\/uploads\/2023\/02\/1676320672471-1024x768.jpg 1024w, https:\/\/sokolovi.rs\/wp-content\/uploads\/2023\/02\/1676320672471-300x225.jpg 300w, https:\/\/sokolovi.rs\/wp-content\/uploads\/2023\/02\/1676320672471-768x576.jpg 768w, https:\/\/sokolovi.rs\/wp-content\/uploads\/2023\/02\/1676320672471-1536x1152.jpg 1536w, https:\/\/sokolovi.rs\/wp-content\/uploads\/2023\/02\/1676320672471.jpg 1600w\" sizes=\"auto, (max-width: 1024px) 100vw, 1024px\" \/><\/figure><div class=\"wp-block-media-text__content\">\n<p><\/p>\n<\/div><\/div>\n\n\n\n<div class=\"wp-block-media-text alignwide is-stacked-on-mobile\"><figure class=\"wp-block-media-text__media\"><img loading=\"lazy\" decoding=\"async\" width=\"1024\" height=\"706\" src=\"https:\/\/sokolovi.rs\/wp-content\/uploads\/2023\/02\/1676319971199-1024x706.jpg\" alt=\"\" class=\"wp-image-83 size-full\" srcset=\"https:\/\/sokolovi.rs\/wp-content\/uploads\/2023\/02\/1676319971199-1024x706.jpg 1024w, https:\/\/sokolovi.rs\/wp-content\/uploads\/2023\/02\/1676319971199-300x207.jpg 300w, https:\/\/sokolovi.rs\/wp-content\/uploads\/2023\/02\/1676319971199-768x530.jpg 768w, https:\/\/sokolovi.rs\/wp-content\/uploads\/2023\/02\/1676319971199.jpg 1080w\" sizes=\"auto, (max-width: 1024px) 100vw, 1024px\" \/><\/figure><div class=\"wp-block-media-text__content\">\n<p><\/p>\n<\/div><\/div>\n\n\n\n<div class=\"wp-block-media-text alignwide is-stacked-on-mobile\"><figure class=\"wp-block-media-text__media\"><img loading=\"lazy\" decoding=\"async\" width=\"1024\" height=\"1024\" src=\"https:\/\/sokolovi.rs\/wp-content\/uploads\/2023\/02\/1676319853529-1024x1024.jpg\" alt=\"\" class=\"wp-image-80 size-full\" srcset=\"https:\/\/sokolovi.rs\/wp-content\/uploads\/2023\/02\/1676319853529-1024x1024.jpg 1024w, https:\/\/sokolovi.rs\/wp-content\/uploads\/2023\/02\/1676319853529-300x300.jpg 300w, https:\/\/sokolovi.rs\/wp-content\/uploads\/2023\/02\/1676319853529-150x150.jpg 150w, https:\/\/sokolovi.rs\/wp-content\/uploads\/2023\/02\/1676319853529-768x768.jpg 768w, https:\/\/sokolovi.rs\/wp-content\/uploads\/2023\/02\/1676319853529-1536x1536.jpg 1536w, https:\/\/sokolovi.rs\/wp-content\/uploads\/2023\/02\/1676319853529.jpg 1600w\" sizes=\"auto, (max-width: 1024px) 100vw, 1024px\" \/><\/figure><div class=\"wp-block-media-text__content\">\n<p><\/p>\n<\/div><\/div>\n\n\n\n<div class=\"wp-block-media-text alignwide is-stacked-on-mobile\"><figure class=\"wp-block-media-text__media\"><img loading=\"lazy\" decoding=\"async\" width=\"512\" height=\"342\" src=\"https:\/\/sokolovi.rs\/wp-content\/uploads\/2023\/02\/1676319376469.jpg\" alt=\"\" class=\"wp-image-78 size-full\" srcset=\"https:\/\/sokolovi.rs\/wp-content\/uploads\/2023\/02\/1676319376469.jpg 512w, https:\/\/sokolovi.rs\/wp-content\/uploads\/2023\/02\/1676319376469-300x200.jpg 300w\" sizes=\"auto, (max-width: 512px) 100vw, 512px\" \/><\/figure><div class=\"wp-block-media-text__content\">\n<p><\/p>\n<\/div><\/div>\n\n\n\n<p><\/p>\n\n\n\n<blockquote class=\"wp-block-quote is-layout-flow wp-block-quote-is-layout-flow\">\n<p><\/p>\n<\/blockquote>\n","protected":false},"excerpt":{"rendered":"<p>\ufe0fMilan Vasi\u0107\ufe0fSanja Vu\u010di\u0107\ufe0f \ufe0fRadica Dimitrijevi\u0107 \ufe0f\ud835\udc12\ud835\udc2d\ud835\udc2b\ud835\udc1a\ud835\udc21\ud835\udc22\ud835\udc27\ud835\udc23\ud835\udc1a \ud835\udc19\ud835\udc22\ud835\udc2f\ud835\udc1a\ud835\udc27\ud835\udc28\ud835\udc2f\ud835\udc22\ud835\udc1c\ufe0fAleksandar Ivanov\ufe0f \ufe0f\ud835\udc19\ud835\udc1d\ud835\udc2b\ud835\udc1a\ud835\udc2f\ud835\udc24\ud835\udc28 \ud835\udc00\ud835\udc27\ud835\udc1d\ud835\udc23\ud835\udc1e\ud835\udc25\ud835\udc24\ud835\udc28\ud835\udc2f\ud835\udc22\ud835\udc1c\ufe0f\ud835\udc05\ud835\udc22\ud835\udc25\ud835\udc22\ud835\udc29 \ud835\udc0a\ud835\udc22\ud835\udc1c\ud835\udc1a\ud835\udc27\ud835\udc28\ud835\udc2f\ud835\udc22\ud835\udc1c\ufe0f \ufe0f\ud835\udc0d\ud835\udc1e\ud835\udc26\ud835\udc1a\ud835\udc27\ud835\udc23\ud835\udc1a \ud835\udc11\ud835\udc1a\ud835\udc1d\ud835\udc22\ud835\udc2c\ud835\udc1a\ud835\udc2f\ud835\udc25\ud835\udc23\ud835\udc1e\ud835\udc2f\ud835\udc22\ud835\udc1c\ufe0fJovan Kne\u017eevi\u0107\ufe0f \ufe0fOgnjen Ruti\u0107\ufe0fMilan Mileti\u0107\ufe0f \ufe0fBojan Vukosavljevi\u0107\ufe0f Kru\u0161evac, Hala Sportova, 07 Mart 2024\u00a0 #Krusevac #HumanitarniKoncert\u00a0\u00a0 #BudiHuman #SokolskoDrustvo \u2584\u2584\u2584\u2584\u2584\u2584\u2584\u2584\u2584\u2584\u2584\u2584\u2584\u2584\u2584\u2584\u2584\u2584\u2584\u2584\u2584\u2584\u2584\u2584 \u00a0Datum: \u010cetvrtak 07 Mart 2024 Po\u010detak 20:00 &nbsp;GRAD: Kru\u0161evac (Hala Sportova) \u00a0Karte: Predprodaja 900 RSD &nbsp;ADRESA: Hala Sportova, 37000 Kru\u0161evac \u2584\u2584\u2584\u2584\u2584\u2584\u2584\u2584\u2584\u2584\u2584\u2584\u2584\u2584\u2584\u2584\u2584\u2584\u2584\u2584\u2584\u2584\u2584\u2584<\/p>\n","protected":false},"author":1,"featured_media":0,"parent":0,"menu_order":0,"comment_status":"closed","ping_status":"closed","template":"","meta":{"footnotes":""},"class_list":["post-2","page","type-page","status-publish","hentry"],"_links":{"self":[{"href":"https:\/\/sokolovi.rs\/index.php?rest_route=\/wp\/v2\/pages\/2","targetHints":{"allow":["GET"]}}],"collection":[{"href":"https:\/\/sokolovi.rs\/index.php?rest_route=\/wp\/v2\/pages"}],"about":[{"href":"https:\/\/sokolovi.rs\/index.php?rest_route=\/wp\/v2\/types\/page"}],"author":[{"embeddable":true,"href":"https:\/\/sokolovi.rs\/index.php?rest_route=\/wp\/v2\/users\/1"}],"replies":[{"embeddable":true,"href":"https:\/\/sokolovi.rs\/index.php?rest_route=%2Fwp%2Fv2%2Fcomments&post=2"}],"version-history":[{"count":18,"href":"https:\/\/sokolovi.rs\/index.php?rest_route=\/wp\/v2\/pages\/2\/revisions"}],"predecessor-version":[{"id":152,"href":"https:\/\/sokolovi.rs\/index.php?rest_route=\/wp\/v2\/pages\/2\/revisions\/152"}],"wp:attachment":[{"href":"https:\/\/sokolovi.rs\/index.php?rest_route=%2Fwp%2Fv2%2Fmedia&parent=2"}],"curies":[{"name":"wp","href":"https:\/\/api.w.org\/{rel}","templated":true}]}}